ons digit of 613465494?
3
What is the units digit of 37982543?
3
What is the hundred millions digit of 423320185?
4
What is the ten thousands digit of 204198913?
9
What is the ten thousands digit of 112394011?
9
What is the tens digit of 69274688?
8
What is the tens digit of 55340084?
8
What is the ten thousands digit of 3970812254?
1
What is the ten millions digit of 258770912?
5
What is the hundred millions digit of 8937465601?
9
What is the units digit of 41052666?
6
What is the thousands digit of 88974240?
4
What is the hundred millions digit of 4915717470?
9
What is the hundreds digit of 133194444?
4
What is the tens digit of 722028830?
3
What is the hundreds digit of 1377889213?
2
What is the thousands digit of 413804745?
4
What is the hundred thousands digit of 18963706?
9
What is the ten thousands digit of 395271667?
7
What is the units digit of 4425885811?
1
What is the thousands digit of 201805719?
5
What is the hundred millions digit of 1439595893?
4
What is the thousands digit of 10105261?
5
What is the tens digit of 14174252?
5
What is the hundred millions digit of 6963660482?
9
What is the billions digit of 1849207639?
1
What is the units digit of 197460706?
6
What is the units digit of 773347481?
1
What is the units digit of 148106176?
6
What is the hundred thousands digit of 164486423?
4
What is the ten thousands digit of 96739555?
3
What is the ten millions digit of 515539536?
1
What is the tens digit of 71896392?
9
What is the hundreds digit of 114436647?
6
What is the hundreds digit of 435421910?
9
What is the thousands digit of 86872783?
2
What is the thousands digit of 3719334929?
4
What is the units digit of 41211405?
5
What is the ten millions digit of 2603708357?
0
What is the units digit of 471651773?
3
What is the ten thousands digit of 110070021?
7
What is the millions digit of 457585949?
7
What is the tens digit of 2794521375?
7
What is the ten thousands digit of 597468476?
6
What is the millions digit of 250175479?
0
What is the tens digit of 132194873?
7
What is the units digit of 6090627537?
7
What is the ten thousands digit of 152199333?
9
What is the hundred thousands digit of 53233056?
2
What is the ten millions digit of 40674177?
4
What is the millions digit of 1211897361?
1
What is the units digit of 647591708?
8
What is the tens digit of 168339087?
8
What is the ten thousands digit of 202282912?
8
What is the ten thousands digit of 986293854?
9
What is the hundred millions digit of 326894489?
3
What is the units digit of 290301850?
0
What is the units digit of 1134407472?
2
What is the millions digit of 64313945?
4
What is the millions digit of 211155424?
1
What is the ten thousands digit of 703152573?
5
What is the ten millions digit of 35019639?
3
What is the hundred thousands digit of 800723242?
7
What is the ten thousands digit of 545762800?
6
What is the hundred thousands digit of 58139570?
1
What is the units digit of 33884252?
2
What is the hundred millions digit of 300926205?
3
What is the ten millions digit of 615589488?
1
What is the hundred thousands digit of 541728694?
7
What is the thousands digit of 31647614?
7
What is the ten thousands digit of 776000688?
0
What is the hundred millions digit of 177556632?
1
What is the tens digit of 702123391?
9
What is the thousands digit of 468321120?
1
What is the units digit of 119827812?
2
What is the millions digit of 643852969?
3
What is the units digit of 761094923?
3
What is the thousands digit of 97255354?
5
What is the ten millions digit of 2440579745?
4
What is the tens digit of 267641412?
1
What is the units digit of 1125183388?
8
What is the millions digit of 16096156?
6
What is the hundred thousands digit of 2440031202?
0
What is the units digit of 4085155548?
8
What is the hundreds digit of 264440398?
3
What is the hundred thousands digit of 854990412?
9
What is the ten thousands digit of 2271632742?
3
What is the millions digit of 870803663?
0
What is the tens digit of 55773042?
4
What is the millions digit of 821665847?
1
What is the hundred thousands digit of 931542956?
5
What is the hundred millions digit of 424252661?
4
What is the ten thousands digit of 20375875?
7
What is the ten thousands digit of 31902191?
0
What is the hundred millions digit of 316658064?
3
What is the ten millions digit of 39732469?
3
What is the millions digit of 1056529008?
6
What is the thousands digit of 1418653230?
3
What is the ten thousands digit of 809604967?
0
What is the hundred thousands digit of 386338438?
3
What is the units digit of 174303115?
5
What is the hundred thousands digit of 914185065?
1
What is the units digit of 21288597?
7
What is the ten thousands digit of 42661884?
6
What is the thousands digit of 5372631112?
1
What is the millions digit of 51103414?
1
What is the hundreds digit of 13223979?
9
What is the hundred thousands digit of 26748371?
7
What is the hundred thousands digit of 2041982756?
9
What is the units digit of 67807921?
1
What is the tens digit of 80628028?
2
What is the hundreds digit of 42457751?
7
What is the thousands digit of 244684569?
4
What is the units digit of 3144011184?
4
What is the tens digit of 4732825215?
1
What is the ten millions digit of 82235445?
8
What is the hundred thousands digit of 113715299?
7
What is the ten thousands digit of 3764383115?
8
What is the hundreds digit of 6633507012?
0
What is the hundred thousands digit of 23838264?
8
What is the thousands digit of 11437754?
7
What is the hundreds digit of 2151349441?
4
What is the ten millions digit of 3105443010?
0
What is the millions digit of 38498561?
8
What is the units digit of 6466062956?
6
What is the ten thousands digit of 145746381?
4
What is the hundred thousands digit of 52943813?
9
What is the thousands digit of 7277075540?
5
What is the ten millions digit of 34065437?
3
What is the millions digit of 1890645002?
0
What is the hundred millions digit of 104256793?
1
What is the hundred thousands digit of 818252698?
2
What is the units digit of 5184764052?
2
What is the units digit of 344580439?
9
What is the hundreds digit of 731073157?
1
What is the thousands digit of 187963004?
3
What is the hundreds digit of 338070907?
9
What is the millions digit of 121481309?
1
What is the tens digit of 2133487823?
2
What is the tens digit of 13993579?
7
What is the hundreds digit of 469861500?
5
What is the tens digit of 2974281426?
2
What is the hundred millions digit of 3043087483?
0
What is the tens digit of 63606678?
7
What is the hundreds digit of 50989292?
2
What is the units digit of 49942093?
3
What is the thousands digit of 326376158?
6
What is the hundred thousands digit of 414935994?
9
What is the millions digit of 73821627?
3
What is the hundred thousands digit of 155068037?
0
What is the tens digit of 894737336?
3
What is the ten thousands digit of 343432477?
3
What is the hundred millions digit of 6043050594?
0
What is the ten thousands digit of 702459711?
5
What is the thousands digit of 394905088?
5
What is the tens digit of 62822263?
6
What is the units digit of 179013493?
3
What is the ten thousands digit of 53427632?
2
What is the units digit of 1674123400?
0
What is the hundreds digit of 164169583?
5
What is the ten thousands digit of 1413422758?
2
What is the hundred millions digit of 1546250705?
5
What is the tens digit of 194206825?
2
What is the ten millions digit of 17945057?
1
What is the ten thousands digit of 105738526?
3
What is the millions digit of 4150501270?
0
What is the thousands digit of 116317548?
7
What is the ten millions digit of 363762622?
6
What is the units digit of 2863900925?
5
What is the thousands digit of 2134741070?
1
What is the units digit of 2099760570?
0
What is the tens digit of 47724722?
2
What is the hundred thousands digit of 265008011?
0
What is the thousands digit of 69334297?
4
What is the hundreds digit of 50815060?
0
What is the tens digit of 57125227?
2
What is the ten thousands digit of 26201173?
0
What is the hundreds digit of 821389424?
4
What is the tens digit of 2728327993?
9
What is the tens digit of 280636510?
1
What is the millions digit of 22709814?
2
What is the tens digit of 16778810?
1
What is the millions digit of 1459237038?
9
What is the ten millions digit of 535955216